 -6*l - 1. Let o be d(-1). What are the prime factors of (-19)/3*(h - o)?
19
Let h be (10 - 2) + (-1 - -2). Let l = 10 + h. List the prime factors of l.
19
Suppose 0 = -3*b + 2*n + 17, 3*n - 22 = -4*b + 5*n. Suppose u + b*t - 4*t - 26 = 0, 2*u = t + 46. What are the prime factors of u?
2, 3
Let b(g) = -g + 5. Let c be b(5). Suppose -2*t - 1 = -11. Let p = t + c. List the prime factors of p.
5
Let m(w) = w**2 + 6*w + 6. Let c be m(-6). Let f(p) = p + 6. What are the prime factors of f(c)?
2, 3
Suppose f + o + 3 - 1 = 0, -f + 2*o = 14. Let g(z) = z**3 + 6*z**2 - 2*z - 1. What are the prime factors of g(f)?
11
Let h be 3 + (-2 - 0 - 2). Let f = 11 + h. List the prime factors of f.
2, 5
Let i(f) be the second derivative of f**4/12 + f**3/3 + f**2/2 - 10*f. Let l = -3 + 0. List the prime factors of i(l).
2
Let z = 3 - 13. Let i = -54 + 24. List the prime factors of (-34)/z + 12/i.
3
Let r = -1 + 1. Let z(j) be the third derivative of -j**6/120 - j**5/60 + 3*j**3/2 - 2*j**2. What are the prime factors of z(r)?
3
Suppose 100 = 4*b - 112. List the prime factors of b.
53
Let j(l) = l + 10. Let p be j(-6). Suppose p*z - 128 = -0*z. List the prime factors of z.
2
Let l(t) = -4*t - 3. Let n(a) = 10*a + 1. Let z be n(-1). Let o = 6 + z. List the prime factors of l(o).
3
Let v(a) = 0*a - 1 - 2 - a. Suppose -10 = 9*o - 7*o. What are the prime factors of v(o)?
2
Let d = 47 + -25. Suppose 182 - d = 4*c. List the prime factors of c.
2, 5
Suppose -16*l + 161 = -3151. List the prime factors of l.
3, 23
Let g(h) = 4*h**2 - 1. Let i = 7 - 5. Suppose 0 = -i*n - 2*n + 4. What are the prime factors of g(n)?
3
Let v(h) = 3*h**2 + 7*h - 1. Let g(i) = -4*i**2 - 8*i + 2. Let y(x) = -4*g(x) - 5*v(x). Let a be y(4). What are the prime factors of (4 - 0) + a - 2?
3
Let g(x) = x**3 + 5*x**2 - 7*x - 3. Let k be g(-6). Suppose -2*n = 0, -4*n + 0*n + 144 = 3*z. Suppose z = 7*u - k*u. What are the prime factors of u?
2, 3
Let g(h) = -h**3 - 6*h**2 - 6*h - 1. Let d be g(-5). Suppose -48 - d = -4*w. List the prime factors of w.
13
Suppose 1 = -4*m + 17. Suppose 2*a - 23 = -5*l, -m*a + 13 = l - 2*l. Suppose -l*r = 9, 3*k + 3*r + 6 - 15 = 0. List the prime factors of k.
2, 3
Let s = 226 - 96. What are the prime factors of s?
2, 5, 13
Suppose -v = 4*v + 5. Let s(t) be the second derivative of -19*t**5/20 - t**4/12 - 8*t. List the prime factors of s(v).
2, 3
Suppose -81*i = -78*i - 246. List the prime factors of i.
2, 41
Let d = 16 + -10. Let f(x) = 4*x - 9. What are the prime factors of f(d)?
3, 5
Suppose 0 = 4*j - 9*j + 40. Suppose 4*y = 4*f + 6 + 6, -j = -4*y. Let p(c) = -2*c**3 + c**2. List the prime factors of p(f).
3
Suppose -2*t + 117 = 23. List the prime factors of t.
47
Suppose 3*w - 159 = -0*w. What are the prime factors of w?
53
Let o be (3/6)/(1/(-2)). Let b be (-6)/(14/(-8) - o). Let p = 17 - b. List the prime factors of p.
3
Let m be 6*(3 + (-24)/9). Suppose m*y - 5*r - 11 = 0, -5*y - r = -28 - 67. List the prime factors of y.
2, 3
Suppose -17*l + 53 + 1307 = 0. List the prime factors of l.
2, 5
What are the prime factors of (533/13)/((-2)/(-2))?
41
Suppose m + 3*b - 18 = 6*b, m - 2*b - 14 = 0. Suppose 2*v - 3*v + 5*x = m, 2*v = 4*x + 12. What are the prime factors of v?
2, 7
Let m(j) = -j**2 + 8*j + 3. Let h be m(8). Suppose -h*k + 12 = -21. Suppose -d = -w + k, 5*d + 6 + 7 = 2*w. What are the prime factors of w?
2, 7
Let n(s) be the third derivative of s**6/120 - 7*s**5/60 - s**4/3 + s**3/3 - 3*s**2. Suppose 0 = -d, -2*x + 13 + 3 = -2*d. What are the prime factors of n(x)?
2
What are the prime factors of (-23)/(-7) + (-4)/14 - -102?
3, 5, 7
Let g = 11 - 21. Let j(s) = -s**2 - 11*s - 2. List the prime factors of j(g).
2
Suppose -2*t = -3*n - 3, t + 4*n - 3 = 4. Suppose -2*z = -t - 1. Suppose z*h + 3 = 15. List the prime factors of h.
2, 3
Let w be (-4 + -5)*1/3. What are the prime factors of w/(-12) - 126/(-8)?
2
Let i(w) = -w**2 - 4*w + 5. Let t be i(-5). Suppose -22 = -2*l + 4*h, t*h = 4*l + 2*h - 14. Suppose -l*b + 19 = -36. What are the prime factors of b?
11
Let a(h) be the second derivative of -h**3/2 - 3*h**2/2 + 2*h. List the prime factors of a(-2).
3
Let c(d) = 5*d**2 - 27*d - 3. Let u(r) = -3*r**2 + 14*r + 1. Let x(t) = -4*c(t) - 7*u(t). Let k be x(-9). Let l = k - -9. List the prime factors of l.
5
List the prime factors of (9 + 1)/((-1)/(-4)).
2, 5
What are the prime factors of (-2)/8 - (-354)/8?
2, 11
Let d = 3 + 0. Let o be d/(-6) + 5/(-2). List the prime factors of (o/9)/((-3)/36).
2
Suppose 0 = -4*l + 30 + 10. Suppose 42 = 4*a + 2*x, -2*x + 44 + l = 5*a. What are the prime factors of a?
2, 3
Let y(d) = -6*d. Let b(f) = -7*f. Let i(p) = -5*b(p) + 6*y(p). Let o be i(-2). Let l = o - 0. List the prime factors of l.
2
Suppose 0 = -5*q + 3*q + 504. What are the prime factors of q?
2, 3, 7
Let o(h) = -h**3 - 7*h**2 - 8*h + 10. Let f be o(-7). Let n = f - 40. What are the prime factors of n?
2, 13
What are the prime factors of (12/(-5))/(-3)*475/38?
2, 5
Suppose -5*d = -2*d + 18. Let n = -3 - d. Suppose 0 = v + n*v - 44. List the prime factors of v.
11
Let l = 9 - 4. Suppose 31 = l*x + 1. Suppose f + f = x. What are the prime factors of f?
3
Let s = 14 + -30. Let v = s - -55. List the prime factors of v.
3, 13
What are the prime factors of -1 + 78 + -3 + (0 - -2)?
2, 19
Let x be (15/9)/((-3)/9). Let r(a) = 4*a - 6. Let p be r(4). What are the prime factors of ((-44)/p)/(2/x)?
11
Let p = 6 + -9. Suppose 4*i = -4*c + 28, -2*i = -4*i - 2. Let t = p + c. List the prime factors of t.
5
Suppose 7 = -v - 21. Let u = v + 61. List the prime factors of u.
3, 11
Let o = -8 - -16. Let y(q) be the second derivative of -q**4/12 + 7*q**3/6 + 11*q**2/2 + q. List the prime factors of y(o).
3
Let b(w) = -w**2 + 1. Let u be b(-3). Suppose r + 0*r = -6. Let m = r - u. What are the prime factors of m?
2
Suppose -2*o - l = -195 - 94, 5*l - 569 = -4*o. Suppose o = 3*q - g, -99 - 41 = -3*q - 2*g. What are the prime factors of q?
2, 3
Suppose -5*r + 14 + 61 = 0. Suppose 0 = -2*f + r + 5. What are the prime factors of f?
2, 5
Suppose -2*q - 22 = s, 3*q + 58 - 24 = -2*s. Let p be (q - -8)*(-6)/(-4). Let r = p + 17. What are the prime factors of r?
2, 7
Let l(d) = d**3 - 13*d**2 - 9*d - 20. List the prime factors of l(14).
2, 5
What are the prime factors of (-2)/(-7) - (0 + (-393)/21)?
19
Let i(w) = -w**3 + 6*w**2 + 8*w + 1. Let y be i(7). Suppose 5*t - 58 = -y. What are the prime factors of t?
2, 5
Let s = -108 + 156. Suppose 0 = -m - 3*m + s. List the prime factors of m.
2, 3
Suppose -4*l = 4*j - 584, 0*j + 5*j = 5*l + 720. What are the prime factors of j?
5, 29
Let r(n) = n**2 - 4*n + 7. List the prime factors of r(6).
19
Let v(g) = 6*g + 4. Let s be v(5). Suppose -4*i - s = -2*n, -2*i - 7 = 3. List the prime factors of n.
7
Let u(t) = -t**2 - 3. Let j be u(5). Let z be 64/j - 2/(-7). Let n = z + 5. What are the prime factors of n?
3
Let k(y) = y**3 - 5*y**2 - 6. Let n be k(6). Suppose -2*f + n + 44 = 0. What are the prime factors of f?
37
Let t = 3 + 1. Let o(z) = -z + 7. Let y be o(t). What are the prime factors of (-3)/9 - (-28)/y?
3
Let t(c) = c + 311. What are the prime factors of t(0)?
311
Let o be (-126)/33 + (-2)/11. Let f be 148/5 + o/(-10). Suppose 3*m + f - 75 = 0. List the prime factors of m.
3, 5
Let z = 4 + 85. Let j = z + -57. List the prime factors of j.
2
Let v be 4 - 5 - 21*-1. Let d = v + -14. List the prime factors of d.
2, 3
Let c(r) = -65*r**3 + r**2 - r + r**2 + 356*r**3 + 0*r**2. Let q be c(1). List the prime factors of q/18 - 8/36.
2
Let g be 65/15 + 1/(-3). What are the prime factors of (8 - g)*(4 + -1)?
2, 3
What are the prime factors of 4 + 3 + -5 + 1 - -149?
2, 19
Let v(h) = -4*h**3 + h + 1. Let t be v(-2). Suppose -t = -q + i, 4*i = 3*q + 2*i - 98. Suppose 5*o = o + q. List the prime factors of o.
3
What are the prime factors of (-11)/((784/(-66))/(-4) + -3)?
3, 11
Let y = 9 + -9. Let h be (-22)/(1 - y/3). Let z = h - -32. What are the prime factors of z?
2, 5
Let k be -1*(-5)/((-5)/(-3)). What are the prime factors of (k + 1)/2 + 3?
5
Let r(m) = m**2 + 11*m + 37. List the prime factors of r(-10).
3
What are the prime factors of 10 + (0 - (1 + 1))?
2
Let p = -92 + 171. What are the prime factors of p?
79
Suppose -m = 2*c - 12, -2*m - 2*c = 3*m - 92. Wh